late the highest common factor of 10887 and 168.
3
Calculate the highest common factor of 40 and 249040.
40
Calculate the highest common factor of 883 and 361147.
883
What is the highest common factor of 1683 and 73491?
561
Calculate the greatest common factor of 406 and 1351.
7
What is the highest common factor of 21440 and 4160?
320
Calculate the highest common factor of 83970 and 20837.
311
What is the highest common factor of 291 and 31719?
291
Calculate the highest common factor of 583 and 47912.
53
What is the highest common factor of 1 and 9134?
1
Calculate the highest common divisor of 64413 and 108.
9
What is the highest common divisor of 33394 and 18678?
566
Calculate the highest common divisor of 14088 and 16.
8
What is the highest common factor of 336076 and 13754?
598
What is the greatest common factor of 114 and 214814?
38
Calculate the highest common divisor of 579 and 177.
3
Calculate the greatest common divisor of 360 and 22560.
120
Calculate the highest common factor of 784652 and 5236.
748
Calculate the highest common factor of 1438997 and 2644.
661
What is the highest common divisor of 65 and 12064?
13
Calculate the highest common factor of 19143 and 54.
27
Calculate the greatest common factor of 714 and 31892.
238
What is the highest common factor of 569980 and 260?
20
What is the greatest common factor of 5202 and 22014?
18
Calculate the highest common factor of 475 and 64700.
25
Calculate the highest common divisor of 314 and 174898.
314
What is the highest common factor of 1284 and 39?
3
What is the greatest common divisor of 15846 and 371964?
834
What is the highest common factor of 10778 and 3808?
34
What is the highest common factor of 1613778 and 3030?
606
Calculate the greatest common divisor of 3868 and 28.
4
What is the greatest common divisor of 3913540 and 20?
20
What is the highest common factor of 275 and 3949?
11
What is the greatest common factor of 112 and 25606?
14
Calculate the highest common divisor of 3717 and 562506.
1239
Calculate the highest common divisor of 520 and 9308.
52
What is the greatest common factor of 58 and 6989?
29
Calculate the highest common factor of 23999 and 4429.
103
Calculate the highest common divisor of 517820 and 68.
68
Calculate the greatest common factor of 137385 and 55.
5
Calculate the highest common factor of 43360 and 5760.
160
Calculate the highest common divisor of 18262692 and 153.
153
Calculate the highest common factor of 1850448 and 1216.
304
Calculate the greatest common divisor of 4700 and 5828.
188
Calculate the greatest common factor of 427675 and 25.
25
What is the highest common factor of 26 and 694018?
26
Calculate the greatest common divisor of 1431 and 283815.
477
Calculate the greatest common divisor of 661548 and 24.
12
What is the greatest common factor of 3880 and 42195?
485
Calculate the greatest common factor of 63282 and 115818.
1194
What is the greatest common divisor of 348392 and 111?
37
Calculate the highest common divisor of 367463 and 2631.
877
Calculate the greatest common divisor of 67250 and 39274.
538
What is the greatest common factor of 567892 and 104?
52
What is the greatest common factor of 1041 and 32205?
3
What is the greatest common factor of 429311 and 328?
41
Calculate the greatest common divisor of 303468 and 396.
132
Calculate the greatest common factor of 7268 and 1748.
92
What is the highest common factor of 2 and 362?
2
Calculate the highest common divisor of 459720 and 120.
120
Calculate the highest common factor of 4044411 and 735.
147
What is the greatest common factor of 465776 and 4988?
172
Calculate the greatest common divisor of 11 and 686499.
11
What is the greatest common factor of 15179 and 1059?
353
Calculate the highest common factor of 7203 and 10731.
147
What is the greatest common divisor of 79240 and 7641?
283
What is the greatest common divisor of 28 and 143339?
7
What is the greatest common factor of 4 and 61260?
4
Calculate the highest common divisor of 36 and 7648944.
12
Calculate the greatest common divisor of 1573662 and 492.
246
What is the greatest common factor of 2628 and 5850?
18
Calculate the greatest common divisor of 17671 and 246.
41
Calculate the highest common factor of 840 and 22043.
7
What is the greatest common factor of 3568 and 512?
16
What is the highest common factor of 284 and 3616882?
142
Calculate the greatest common divisor of 552 and 26592.
24
Calculate the highest common factor of 130625 and 1000.
125
What is the greatest common factor of 34551 and 3?
3
Calculate the greatest common factor of 70070 and 490.
490
Calculate the highest common factor of 17340 and 180.
60
What is the greatest common factor of 10795 and 765?
85
What is the greatest common divisor of 227690 and 250?
10
Calculate the highest common factor of 739752 and 36.
12
What is the highest common factor of 58 and 87377?
29
Calculate the greatest common divisor of 1782 and 22032.
162
What is the highest common divisor of 1420781 and 142?
71
Calculate the highest common divisor of 24 and 40980.
12
Calculate the highest common factor of 195 and 987.
3
Calculate the highest common factor of 43513 and 477.
53
Calculate the highest common divisor of 27625 and 9061.
221
What is the highest common divisor of 16274 and 2370?
158
What is the greatest common factor of 1592667 and 1084?
271
Calculate the greatest common factor of 388896 and 84.
12
What is the highest common factor of 870 and 960?
30
Calculate the highest common divisor of 189311 and 2.
1
What is the greatest common factor of 1205186 and 2?
2
Calculate the highest common divisor of 3686 and 9312.
194
What is the greatest common factor of 1416 and 61832?
472
Calculate the greatest common divisor of 68989 and 304.
19
Calculate the greatest common divisor of 71418 and 54.
6
Calculate the greatest common divisor of 44862 and 18.
6
Calculate the greatest common factor of 172391 and 871.
67
Calculate the greatest common divisor of 68133 and 2847.
39
What is the greatest common divisor of 564 and 22748?
188
What is the highest common factor of 81917 and 22?
11
What is the highest common divisor of 14800 and 144?
16
What is the greatest common divisor of 321346 and 213?
71
Calculate the highest common factor of 87 and 1602.
3
What is the greatest common factor of 14 and 2274?
2
Calculate the highest common divisor of 5831117 and 87.
29
Calculate the greatest common divisor of 2768 and 272.
16
What is the highest common factor of 5325 and 10?
5
What is the highest common divisor of 396 and 12780?
36
What is the greatest common divisor of 300 and 35930?
10
Calculate the greatest common factor of 3645 and 42849.
81
What is the highest common factor of 464853 and 207?
69
Calculate the highest common divisor of 136 and 24939.
17
Calculate the greatest common factor of 974 and 220611.
487
What is the highest common factor of 1691 and 361?
19
Calculate the greatest common divisor of 40095 and 275.
55
Calculate the highest common factor of 41914 and 190.
38
What is the highest common divisor of 304929 and 68?
17
What is the highest common divisor of 644135 and 1175?
235
What is the highest common divisor of 145 and 2651615?
145
Calculate the greatest common divisor of 2 and 502718.
2
Calculate the greatest common divisor of 42 and 5136.
6
Calculate the greatest common divisor of 3886 and 232.
58
What is the greatest common factor of 630 and 6510?
210
What is the greatest common factor of 2378 and 986?
58
What is the highest common divisor of 41 and 176177?
41
What is the greatest common factor of 17 and 1356260?
17
What is the greatest common factor of 25055 and 45?
5
Calculate the greatest common factor of 59182 and 116500.
466
Calculate the greatest common factor of 15533 and 147.
49
Calculate the highest common factor of 71900 and 1100.
100
Calculate the greatest common divisor of 7701 and 54813.
453
What is the greatest common factor of 6958 and 1666?
98
What is the highest common divisor of 169257 and 253?
253
What is the greatest common factor of 1173216 and 1056?
1056
Calculate the greatest common divisor of 10225 and 3409015.
2045
What is the greatest common factor of 919592 and 568?
568
Calculate the highest common factor of 852 and 492.
12
Calculate the greatest